ulate l(-14).
1684
Let i(v) = -190*v**2 - 5157*v - 721. Determine i(-27).
8
Let m(u) = -134*u - 12041. Determine m(-93).
421
Let j(k) = k**3 + 50*k**2 - 83*k - 1588. Give j(-51).
44
Let c(w) = 574*w**3 - 11478*w**2 - 33*w - 135. Calculate c(20).
5
Let g(c) = 29594*c**2 + 29596*c + 8. What is g(-1)?
6
Let v(m) = 43960*m + 175835. Determine v(-4).
-5
Let z(g) = -16297*g - 32627. What is z(-2)?
-33
Let d(t) = 2362*t + 1643949. What is d(-696)?
-3
Let u(v) = 441*v**2 - 1126313*v - 2556. What is u(2554)?
-2
Let b(k) = 408*k - 49459. Determine b(126).
1949
Let t(k) = 4*k**3 + 11*k**2 - 20*k - 127. Determine t(-8).
-1311
Let a(r) = -6*r**3 + 108*r**2 - 2*r - 87. Determine a(18).
-123
Let v(l) = 24*l**2 - 1032*l + 1873. Give v(41).
-95
Let u(q) = -232*q**2 + 1430*q - 103. What is u(6)?
125
Let t(h) = -101*h + 19534. What is t(193)?
41
Let h(u) = u**3 - 18*u**2 + 27*u + 15. Calculate h(2).
5
Let w(m) = -217*m**3 + 10846*m**2 - 26*m + 11304. Calculate w(50).
4
Let m(k) = -572*k + 1278. What is m(5)?
-1582
Let b(x) = 417940*x + 13792029. Give b(-33).
9
Let v(f) = 17760*f + 3889445. What is v(-219)?
5
Let t(k) = -k**3 + 45*k**2 - 197*k + 4886. Give t(43).
113
Let i(k) = -2*k**3 + 63*k**2 - 373*k - 88. Determine i(21).
1340
Let f(v) = -9513*v + 6697155. Calculate f(704).
3
Let l(y) = -y**3 + 123*y**2 + 792*y - 97349. Calculate l(123).
67
Let v(x) = -5114*x - 332628. Determine v(-65).
-218
Let v(u) = 25556*u**2 - 204523*u + 604. Determine v(8).
4
Let f(v) = 4*v**3 + 58*v**2 - 21*v + 191. What is f(-17)?
-2342
Let u(s) = -s**2 - 1474*s - 241833. Give u(-188).
-65
Let z(w) = -2*w**3 + 41*w**2 + 92*w - 54. Give z(24).
-1878
Let z(o) = -1607*o**2 - 25681*o + 518. Determine z(-16).
22
Let v(y) = -5*y**3 + 269*y**2 - 165*y - 2515. Give v(53).
-24
Let o(n) = 6*n**3 + 79*n**2 + 47*n - 3. Determine o(-12).
441
Let h(x) = 63857*x + 63839. Determine h(-1).
-18
Let a(o) = -5*o**3 + 902*o**2 - 355*o - 535. Determine a(180).
365
Let w(o) = -986544*o + 9865442. Calculate w(10).
2
Let u(s) = s**2 - 843*s - 11107. Determine u(-13).
21
Let d(f) = 7576*f + 113569. What is d(-15)?
-71
Let g(i) = -330*i**2 - 3148*i - 1607. What is g(-9)?
-5
Let h(b) = -b**3 + 21*b**2 - 16*b - 121. What is h(20)?
-41
Let y(q) = 37495*q + 36295183. Give y(-968).
23
Let z(x) = 22*x**2 + 480*x + 42. Give z(-19).
-1136
Let u(r) = 4*r**2 + 5754*r - 23056. Determine u(4).
24
Let n(s) = 2*s**3 + 5*s**2 - 74*s - 14. Give n(-7).
63
Let k(o) = o**3 + 56*o**2 + 145*o - 732. Give k(-53).
10
Let l(j) = -2*j**3 + 161*j**2 - 470*j + 1. What is l(3)?
-14
Let r(b) = 212*b**2 - 1292*b - 8. What is r(9)?
5536
Let c(q) = -q**3 + 3688*q**2 - 91571*q - 38. Determine c(25).
62
Let d(f) = -4*f**3 + 14*f**2 + 160*f - 10. Give d(7).
424
Let w(x) = -806*x - 8069. Calculate w(-10).
-9
Let g(u) = 8*u**3 - 108*u**2 + 56*u - 68. What is g(13)?
-16
Let g(i) = 3*i**3 - 109*i**2 - 197*i + 36. Determine g(38).
-230
Let f(o) = 70759*o + 2193521. What is f(-31)?
-8
Let h(f) = -4*f**2 + 42*f + 274. Calculate h(-6).
-122
Let f(d) = 63*d**2 + 298*d + 358. Determine f(-2).
14
Let s(p) = -62247*p - 560115. Give s(-9).
108
Let d(p) = p**3 + 27*p**2 - 462*p - 12419. Give d(-27).
55
Let u(y) = 7*y**2 + 259*y + 3035. Calculate u(-12).
935
Let q(c) = c**3 + 156*c**2 + 896*c - 62769. Give q(-147).
0
Let q(a) = -1395*a + 545. Calculate q(0).
545
Let b(o) = 1068*o**2 + 973*o - 20. What is b(-3)?
6673
Let o(x) = -2*x**3 - 80*x**2 - 53*x + 12. Calculate o(-40).
2132
Let c(x) = -43*x**3 - 343*x**2 - 408*x - 3316. Calculate c(-8).
12
Let d(w) = -w**3 + 27*w**2 - 62*w + 303. Give d(25).
3
Let b(q) = -7*q**2 + 331*q - 3888. What is b(21)?
-24
Let u(g) = -g**2 + 1732*g + 1746. Calculate u(1733).
13
Let z(l) = -10*l**3 + 69*l**2 - 528*l + 169. Calculate z(6).
-2675
Let k(b) = 2*b**2 + 3564*b - 100953. What is k(28)?
407
Let h(x) = 3*x**2 - 112*x - 281. Calculate h(40).
39
Let o(q) = 1528*q - 96144. Give o(63).
120
Let y(i) = 42*i**2 + 4*i + 48. Determine y(-5).
1078
Let t(o) = o**3 - 22*o**2 + 2178*o - 42777. Give t(20).
-17
Let z(s) = 9*s**3 + 191*s**2 + 71*s + 748. What is z(-21)?
139
Let b(o) = -2*o**3 + 22*o**2 - 410*o + 5274. What is b(12)?
66
Let r(y) = 2*y**2 + 143*y - 148. Determine r(1).
-3
Let w(v) = -v**3 - 21*v**2 + 6*v + 284. Calculate w(-20).
-236
Let m(f) = -690304*f - 4141831. Give m(-6).
-7
Let i(d) = -d**2 - 29*d + 488. Give i(19).
-424
Let u(g) = 240140*g - 720438. Give u(3).
-18
Let p(q) = -16*q**2 + 545*q - 371. What is p(33)?
190
Let r(j) = 3*j**3 + 28*j**2 + 148*j + 1962. Determine r(-12).
-966
Let b(q) = -38804*q + 38820. What is b(1)?
16
Let k(t) = -6*t**3 - 16*t**2 + 618*t + 4895. Give k(-8).
1999
Let k(y) = 5*y**3 + 13*y**2 - 4*y - 7. What is k(-3)?
-13
Let c(i) = -7*i**3 - 4*i**2 + 51*i + 571. Give c(-8).
3491
Let f(m) = -374*m + 2724. What is f(8)?
-268
Let a(u) = -u**3 + 47*u**2 - 36*u + 9276. Give a(50).
-24
Let t(y) = -y**2 + 3*y + 3793. Give t(-62).
-237
Let m(o) = o**3 - 5*o**2 + 224*o - 3196. Determine m(11).
-6
Let c(r) = 2*r**2 + 1680*r - 63161. Calculate c(36).
-89
Let a(d) = -3*d**3 + 37*d**2 - 73*d - 158. Determine a(9).
-5
Let q(c) = c**3 - 169*c**2 + 379*c - 7505. Determine q(167).
10
Let o(m) = -52*m**2 - 237*m - 1152. Give o(-5).
-1267
Let t(b) = b**3 + 59*b**2 - 710*b - 1423. Calculate t(-69).
-43
Let n(j) = 5*j**3 + 1026*j**2 + 188*j - 3498. Determine n(-205).
-13
Let p(l) = -620129*l - 620120. What is p(-1)?
9
Let k(l) = -630*l + 4435. Give k(5).
1285
Let d(b) = -10*b + 1648. Determine d(130).
348
Let n(z) = z**3 - 101*z**2 + 189*z - 25583. Determine n(101).
-6494
Let t(y) = -2503*y + 142508. Calculate t(57).
-163
Let y(i) = -2*i**2 - 53461*i + 213858. Give y(4).
-18
Let m(a) = a**3 - 95*a**2 - 168*a - 2820. What is m(97)?
-298
Let t(n) = 10*n**2 - 100*n - 1703. Calculate t(-9).
7
Let g(v) = v**2 + 12913*v - 505113. Calculate g(39).
15
Let b(d) = 664*d - 17271. What is b(26)?
-7
Let g(a) = -a**3 - 422*a**2 - 3300*a + 4904. Give g(-414).
-64
Let g(y) = -9742*y + 2152979. Give g(221).
-3
Let d(v) = -v**3 - 44*v**2 + 146*v + 2937. What is d(-7)?
102
Let c(v) = 77*v**3 + 37117*v**2 + 1445*v - 479. Calculate c(-482).
3
Let l(r) = 6*r**3 - 60*r**2 + 69*r - 690. Give l(10).
0
Let w(d) = 4*d**2 + 22*d - 613. Give w(-13).
-223
Let k(h) = 268037*h + 5360765. Calculate k(-20).
25
Let b(s) = 1933*s - 266749. Give b(138).
5
Let i(m) = m**2 + 407*m + 21098. Give i(-61).
-8
Let g(o) = 5*o**3 - 16*o**2 + 1187*o - 4602. Give g(4).
210
Let r(y) = 153*y**2 - 1269*y - 659. Give r(10).
1951
Let u(o) = o**2 - 81*o + 616. Give u(12).
-212
Let i(m) = -8590*m + 1503203. What is i(175)?
-47
Let a(u) = u**3 + 22*u**2 - 2468*u - 20907. Calculate a(-8).
-267
Let r(y) = y**2 + 616*y + 37520. Calculate r(-69).
-223
Let m(f) = -23*f**2 - 156*f + 68. Determine m(-7).
33
Let d(h) = -22*h**3 - 2*h**2 + h + 2. Determine d(2).
-180
Let f(x) = -616*x - 84923. Give f(-138).
85
Let j(h) = -4*h**3 - 91*h**2 + 310*h + 7836. Give j(-22).
-436
Let h(z) = 14865*z - 1204066. Give h(81).
-1
Let d(h) = -2*h**2 - 57*h + 268. Calculate d(-14).
674
Let y(i) = -17*i**2 - 1383*i - 4456. Determine y(-78).
-10
Let f(w) = w**3 - 139*w**2 + 329*w + 10783. Give f(136).
39
Let d(m) = 196*m - 67. What is d(3)?
521
Let v(s) = 33*s**3 - 3*s**2 - 3*s - 8. Determine v(2).
238
Let p(x) = x**3 + 17*x**2 - 1481*x + 11231. Determine p(9).
8
Let r(u) = 35*u**3 - 209*u**2 - 48*u + 36. Determine r(6).
-216
Let y(b) = -35*b**2 - 5766*b + 1406. Calculate y(-165).
-79
Let v(t) = 3*t**2 + 53*t - 3168. What is v(-44)?
308
Let z(r) = -6*r**3 - 2114*r**2 - 704*r - 500. Give z(-352).
-500
Let p(s) = s**3 + 1533*s**2 - 70980*s - 1352. Calculate p(45).
-2
Let a(v) = 29*v - 68. Calculate a(16).
396
Let w(f) = 33679*f + 80. Give w(0).
80
Let a(o) = 5*o**3 - 157*o**2 - 67*o + 25. Determine a(32).
953
Let i(y) = 20*y**3 + 47*y**2 - 233*y + 5. Calculate i(-6).
-1225
Let c(b) = 27922*b - 83762. Give c(3).
4
Let h(m) = -m**2 - 368*m - 25610. Determine h(-90).
-590
Let i(p) = 1583*p - 47258. What is i(31)?
1815
Let p(c) = -16118*c + 515752. Give p(32).
-24
Let x(o) = o**3 + 389*o**2 + 7378*o - 34. What is x(-20)?
6
Let k(u) = -58647*u - 586452. Determine k(-10).
18
Let c(r) = 3*r**2 - 91. Determine c(7).
56
Let o(z) = z**3 + 316*z + 1314. Determine o(-4).
-14
Let i(r) = 75775*r - 454656. 